of 160044?
0
What is the millions digit of 2911382?
2
What is the thousands digit of 956968?
6
What is the thousands digit of 16143588?
3
What is the hundreds digit of 504758?
7
What is the hundreds digit of 6971990?
9
What is the ten thousands digit of 120976?
2
What is the units digit of 21245550?
0
What is the hundred thousands digit of 1395295?
3
What is the thousands digit of 23381500?
1
What is the units digit of 988281?
1
What is the millions digit of 5224667?
5
What is the tens digit of 242059?
5
What is the units digit of 19292579?
9
What is the ten thousands digit of 649405?
4
What is the millions digit of 4535767?
4
What is the thousands digit of 390300?
0
What is the units digit of 4810426?
6
What is the tens digit of 1048640?
4
What is the ten thousands digit of 3713564?
1
What is the tens digit of 2976001?
0
What is the thousands digit of 873309?
3
What is the hundred thousands digit of 795139?
7
What is the tens digit of 747024?
2
What is the hundred thousands digit of 7591497?
5
What is the thousands digit of 84493?
4
What is the units digit of 1025954?
4
What is the ten thousands digit of 29598228?
9
What is the units digit of 2183513?
3
What is the hundred thousands digit of 3044221?
0
What is the hundred thousands digit of 170163?
1
What is the ten thousands digit of 672703?
7
What is the millions digit of 1540828?
1
What is the ten millions digit of 42062452?
4
What is the units digit of 509909?
9
What is the hundred thousands digit of 3250429?
2
What is the tens digit of 1206052?
5
What is the ten thousands digit of 3121863?
2
What is the hundreds digit of 3629621?
6
What is the tens digit of 157237?
3
What is the hundred thousands digit of 7900618?
9
What is the thousands digit of 9737218?
7
What is the tens digit of 1577032?
3
What is the thousands digit of 407517?
7
What is the ten thousands digit of 46857?
4
What is the thousands digit of 2399900?
9
What is the millions digit of 1853888?
1
What is the millions digit of 11751312?
1
What is the hundred thousands digit of 5585196?
5
What is the hundreds digit of 1712462?
4
What is the tens digit of 17814082?
8
What is the hundreds digit of 9749173?
1
What is the units digit of 114212?
2
What is the thousands digit of 1165529?
5
What is the thousands digit of 562092?
2
What is the thousands digit of 442998?
2
What is the thousands digit of 777589?
7
What is the thousands digit of 5762764?
2
What is the hundreds digit of 6314900?
9
What is the units digit of 1229571?
1
What is the units digit of 27553622?
2
What is the thousands digit of 3391601?
1
What is the ten thousands digit of 106160?
0
What is the units digit of 704991?
1
What is the ten thousands digit of 14959?
1
What is the ten thousands digit of 1328298?
2
What is the units digit of 4059?
9
What is the hundred thousands digit of 14870467?
8
What is the ten thousands digit of 29067628?
6
What is the hundreds digit of 5441796?
7
What is the thousands digit of 10628?
0
What is the units digit of 544693?
3
What is the units digit of 203517?
7
What is the tens digit of 1238555?
5
What is the tens digit of 14798677?
7
What is the thousands digit of 5317964?
7
What is the ten thousands digit of 312297?
1
What is the tens digit of 15624486?
8
What is the tens digit of 705032?
3
What is the ten thousands digit of 529396?
2
What is the hundred thousands digit of 1159912?
1
What is the thousands digit of 75777?
5
What is the tens digit of 12544045?
4
What is the tens digit of 14010911?
1
What is the ten millions digit of 11509452?
1
What is the tens digit of 209451?
5
What is the hundreds digit of 4982802?
8
What is the thousands digit of 199508?
9
What is the millions digit of 2196816?
2
What is the hundreds digit of 7826947?
9
What is the hundred thousands digit of 7829666?
8
What is the units digit of 192949?
9
What is the hundred thousands digit of 2934677?
9
What is the hundreds digit of 4095882?
8
What is the hundred thousands digit of 20596785?
5
What is the millions digit of 2416700?
2
What is the units digit of 1401884?
4
What is the hundreds digit of 1244090?
0
What is the tens digit of 722403?
0
What is the thousands digit of 241074?
1
What is the hundreds digit of 108842?
8
What is the millions digit of 1201106?
1
What is the units digit of 828541?
1
What is the ten thousands digit of 42993108?
9
What is the thousands digit of 17970292?
0
What is the thousands digit of 118308?
8
What is the ten thousands digit of 7186617?
8
What is the millions digit of 9267225?
9
What is the thousands digit of 14900655?
0
What is the ten thousands digit of 65001?
6
What is the tens digit of 39290278?
7
What is the tens digit of 663671?
7
What is the hundreds digit of 171925?
9
What is the hundreds digit of 2466327?
3
What is the ten thousands digit of 732058?
3
What is the units digit of 5674576?
6
What is the thousands digit of 55498?
5
What is the ten thousands digit of 2545953?
4
What is the thousands digit of 4327083?
7
What is the thousands digit of 3644861?
4
What is the thousands digit of 258585?
8
What is the thousands digit of 29142820?
2
What is the tens digit of 66395?
9
What is the hundreds digit of 16090658?
6
What is the ten thousands digit of 4530767?
3
What is the hundreds digit of 343856?
8
What is the ten thousands digit of 28677?
2
What is the tens digit of 8727594?
9
What is the hundreds digit of 7759869?
8
What is the units digit of 1744647?
7
What is the hundred thousands digit of 959608?
9
What is the hundreds digit of 5429442?
4
What is the thousands digit of 2066062?
6
What is the hundreds digit of 389924?
9
What is the millions digit of 2223936?
2
What is the ten millions digit of 11792389?
1
What is the tens digit of 104810?
1
What is the ten thousands digit of 222594?
2
What is the millions digit of 1757263?
1
What is the tens digit of 280378?
7
What is the thousands digit of 183567?
3
What is the thousands digit of 2817672?
7
What is the units digit of 273586?
6
What is the ten thousands digit of 246248?
4
What is the ten thousands digit of 87012?
8
What is the thousands digit of 848600?
8
What is the hundreds digit of 1512362?
3
What is the ten thousands digit of 5606263?
0
What is the hundreds digit of 12090879?
8
What is the hundred thousands digit of 1297976?
2
What is the thousands digit of 303207?
3
What is the tens digit of 889663?
6
What is the hundreds digit of 228548?
5
What is the hundred thousands digit of 622646?
6
What is the hundreds digit of 12952591?
5
What is the ten millions digit of 19159635?
1
What is the ten millions digit of 13972929?
1
What is the ten thousands digit of 21704?
2
What is the units digit of 4042916?
6
What is the ten thousands digit of 3841567?
4
What is the thousands digit of 425179?
5
What is the millions digit of 15359949?
5
What is the hundreds digit of 1042040?
0
What is the hundreds digit of 193855?
8
What is the tens digit of 1335307?
0
What is the hundred thousands digit of 986793?
9
What is the hundred thousands digit of 4968317?
9
What is the hundreds digit of 5488399?
3
What is the tens digit of 6494350?
5
What is the hundred thousands digit of 3126747?
1
What is the thousands digit of 650057?
0
What is the ten thousands digit of 11264843?
6
What is the tens digit of 451323?
2
What is the tens digit of 3415580?
8
What is the millions digit of 1108652?
1
What is the ten thousands digit of 43588?
4
What is the hundreds digit of 695876?
8
What is the thousands digit of 12055518?
5
What is the millions digit of 4685186?
4
What is the tens digit of 2907749?
4
What is the ten thousands digit of 16129?
1
What is the ten thousands digit of 24041602?
4
What is the units digit of 1491601?
1
What is the hundreds digit of 148935?
9
What is the ten thousands digit of 8711503?
1
What is the tens digit of 607068?
6
What is the hundreds digit of 1759118?
1
What is the millions digit of 1796260?
1
What is the thousands digit of 605958?
5
What is the units digit of 13538768?
8
What is the hundred thousands digit of 542319?
5
What is the thousands digit of 18083?
8
What is the tens digit of 588437?
3
What is the tens digit of 226253?
5
What is the ten millions digit of 13535541?
1
What is the hundred thousands digit of 213720?
2
What is the thousands digit of 1543